 c = 6 - 5. Suppose -3*q + 5 = -c. Suppose -22 = -u + 3*j, -5*u = q*j - 124 + 31. Is u a composite number?
False
Let z(m) = m**3 - 13*m**2 - 13*m + 4. Is z(15) a composite number?
True
Is (-20)/(-60)*(17995 + 2) a prime number?
False
Let w = 3 - 3. Suppose 0*i - 184 = -2*i. Suppose w = 5*k - k - i. Is k prime?
True
Let o(p) = -285*p + 6. Is o(-1) a composite number?
True
Suppose -4*z + 509 = m, 5*z + 4*m + 18 - 657 = 0. Is z prime?
True
Suppose -5*d + 4*d = 2*v, 0 = v + 2. Suppose 464 = d*l - 3*n, 560 - 80 = 4*l + n. Is l prime?
False
Let g be (-886 - 4)*(2 - 3). Suppose 0 = -5*p + g - 295. Is p a composite number?
True
Let v = 12 - 7. Suppose -v*x + 2*g + 3*g = -1345, -4*g = 2*x - 538. Is x prime?
True
Suppose -4*s + 7 = 4*o - 9, 20 = -5*o + 5*s. Suppose c - 218 = -43. Suppose o*a + c = 5*a. Is a a prime number?
False
Suppose -y - 5*l = -362, 0 = 3*y - 0*y - 2*l - 1035. Is y prime?
True
Suppose -2*m = -3*f + 133, -m - 224 = -0*f - 5*f. Suppose -9*a - 268 + 61 = 0. Let w = f + a. Is w a prime number?
False
Let g be ((-8)/(-3))/(4/96). Let t = g - 43. Is t composite?
True
Let q(k) = k**3 + 2*k**2 - 4*k - 5. Let p(f) = -f**3 - 3*f**2 + 7*f + 10. Let u(b) = 3*p(b) + 5*q(b). Let h be u(4). Is (-2)/4 - h/(-6) a prime number?
False
Let p be (-44)/(-8) + 1/(-2). Suppose 25 = -5*k, -p*l - 4*k = -k - 810. Suppose 3*r - l = -0*r. Is r prime?
False
Let p = 14 - 17. Let n(r) = -6*r**3 - r**2 + r + 5. Is n(p) a composite number?
True
Let t(y) = y**3 - 6*y**2 + 5*y - 7. Let k = 6 - 4. Suppose -2*i + 2*d + 12 = 0, 4*i + k*d - 31 = -7. Is t(i) composite?
False
Let s(i) = 4*i + 0*i**2 - i + 3*i**2 - 2*i**2 - 1. Is s(-10) composite?
True
Is 43 - (-3)/12*0 a composite number?
False
Suppose y + 967 - 4312 = -5*a, 2*y = -5*a + 3345. Is a a composite number?
True
Suppose -1 = 3*u - 10. Is u*-1 - (2 + -154) a composite number?
False
Let h be (-1 - -1)/(2 - 0). Suppose -5*q + 36 = l, -3*l + h*l + 140 = -q. Is l a composite number?
True
Suppose -154 = -5*r - 59. Is r composite?
False
Suppose 2*h = h + 4. Suppose -76 = -h*i - 0*i. Is i composite?
False
Let h = 265 + -132. Is h prime?
False
Let x(z) = z - 5. Let v be x(7). Is -2 + v + (-35)/(-1) a prime number?
False
Let y(n) = -4 + 7 - 2 - n**3 + 8*n**2 + 11*n. Is y(9) a prime number?
True
Let w(s) = 3*s - 2*s**2 + 12 - 4 - s**3 + 6*s. Let z be w(-6). Let q = 65 + z. Is q a prime number?
True
Suppose -5*r + 2610 - 215 = 0. Suppose -x + 6*x + 3*a - r = 0, 4 = -2*a. Is x prime?
True
Is (-14)/(-28) - (-522)/4 composite?
False
Suppose -5*v - 347 - 118 = 0. Let f = v - -224. Is f composite?
False
Let n(b) = b - 6. Let f be n(6). Let h be (-6 + f)/(-4 + 3). Is (2/h)/1*9 a composite number?
False
Let z(d) = 6*d**2 + 7. Is z(6) a composite number?
False
Let z(s) = 8*s**2 + 6*s + 5. Is z(-4) a composite number?
False
Let h = -3056 - -4396. Suppose 6*u - h = 2*u. Is u a composite number?
True
Suppose -4 - 16 = -4*w. Let h be (-1)/((-1)/5) - -1. Is (-3)/h*-6*w composite?
True
Suppose -3*s = -15, -2*s = d - 0*s - 46. Suppose 4*x + a + 104 - d = 0, 0 = -2*x + a - 28. Let n = x + 30. Is n composite?
True
Suppose -5*d - s - s = -1305, 5*d = -s + 1310. Is d composite?
False
Let g = 2126 - 27. Is g composite?
False
Let t = 1095 - 416. Is t a composite number?
True
Let d(t) = -t**2 - 10*t - 2. Suppose 0 = -2*l - 5*i - 29, 3*i - 26 = 4*l + l. Is d(l) composite?
False
Suppose 0*d = 5*m - 4*d - 3839, 4*m - 3104 = -5*d. Is m a composite number?
True
Let l(b) = b**2 + 8*b + 8. Let f be l(-9). Suppose -q = f - 100. Is q composite?
False
Suppose 0 = y + 3*y + q + 72, 0 = 5*y - q + 81. Let f = y + 39. Is f composite?
True
Let h = 14 + -5. Suppose 4*a - h = a. Suppose 2*n = a*i + 11, -3 = i - 4. Is n a composite number?
False
Is ((-5)/(-2))/(2/92) composite?
True
Suppose -2*p = -3*k - 71, 3*k - 44 = -5*p + 186. Suppose t - 170 = -p. Is t composite?
False
Let y be (-7)/(-21) - 7/3. Is (25/(-15))/(y/18) a prime number?
False
Let g(d) be the first derivative of d**5/40 - 3*d**4/8 - d**3/3 - 2. Let b(k) be the third derivative of g(k). Is b(6) prime?
False
Let k be (-10)/(-35) + (-48)/21. Is (-2)/(k/(-22)*-2) prime?
True
Let s(n) = -2*n + 59. Is s(0) prime?
True
Let b(m) = m**2 - m + 2. Let c be b(0). Suppose c*i = 153 - 59. Is i composite?
False
Let n(a) = 34*a**3 - 3*a**2 - 4*a - 5. Let h(p) = -33*p**3 + 4*p**2 + 5*p + 6. Let x(g) = -2*h(g) - 3*n(g). Is x(-2) a prime number?
False
Let f(a) = -a**3 + 5*a**2 + 3*a - 5. Suppose 0 = 4*d - 5 - 11. Is f(d) a prime number?
True
Is ((-161)/4)/((-9)/36) prime?
False
Suppose 4*l + 39 = 5*l - h, 0 = -4*l + 2*h + 160. Let b = l + 48. Is b a composite number?
False
Let j(l) = 0*l - l**2 + l + 3 - 4*l - 3*l. Let c be j(-6). Suppose n + 94 = 3*q, -q + 3*q - 51 = c*n. Is q prime?
False
Let z(d) = -2*d**2 + 5*d + 4. Let b be (-1 + -1)*(-1 - 1). Let o be z(b). Is (o/12)/((-2)/69) prime?
True
Let m be (4/6)/(4/1362). Let v be (3 - 5) + (-22)/1. Let u = m + v. Is u a prime number?
False
Let n be 5*(5 + -3) - 0. Let d be (-4)/n + (-4)/(-10). Suppose -2*o + 530 = 3*x - 7*x, d = o - 5*x - 277. Is o composite?
False
Suppose 3 + 0 = 3*y. Let m(n) = 0*n - y + 5*n**2 + 2*n + 0. Is m(2) a prime number?
True
Let g(j) = -j**3 + j**2 + 2515. Is g(0) a prime number?
False
Let w(u) be the second derivative of u**4/6 - u**3 - u**2 + u. Is w(6) prime?
False
Let o(n) = -n**3 - 7*n**2 - n - 6. Let w be o(-7). Suppose -4*r + 249 = 3*z + 50, -w = -r. Is z composite?
True
Let g(j) = j**3 - 4*j**2 - 3*j + 3. Let q be g(4). Is q/(-6)*(-1 - -3) a composite number?
False
Let w = -1600 + 3065. Is w a prime number?
False
Suppose -3*c + 1 = -11. Suppose -8*x + 744 = -c*x. Let q = 275 - x. Is q a composite number?
False
Let u be 66/24 + (-2)/(-8). Suppose 3*t - 143 = -7*i + u*i, -4*i + 155 = -t. Is i composite?
True
Suppose 10 = -5*d - 3*h, -3*d = -4*h - 24 + 1. Let q be 3 + (-1)/(d/(-70)). Suppose -3 - q = -4*b. Is b a composite number?
False
Suppose 0*u + 3*u + 4*s - 1220 = 0, 398 = u - 3*s. Suppose 0 = 5*d + 14 - u. Suppose -3*q - d = -315. Is q prime?
True
Suppose -2*b - v + 0 = 1, 5*b - 3*v = 3. Suppose -3*y + 99 = -3*u, -3*y + u + 99 = -b*y. Is y a prime number?
False
Is (6/(-4))/((-6)/1636) a prime number?
True
Let x = -1503 + 2788. Suppose -5*g + 360 + x = 0. Is g composite?
True
Let k(b) = -3*b**3 - 2*b**3 - b**2 - b + 4*b**2 + 4*b**3. Let h be k(2). Suppose -2*a + 0*t + 18 = -2*t, -4*a - h*t = -42. Is a a prime number?
False
Suppose 4*m - 5*m = -4*y + 152, -760 = 5*m - y. Let c = -31 - m. Is c composite?
True
Is ((-6)/(-12))/(2/388) prime?
True
Let v be ((-9)/6)/((-3)/4). Suppose 2*w + 18 = m - 7, -v*m + 50 = 2*w. Is m a prime number?
False
Suppose 8*w + 917 = 9*w. Is w prime?
False
Suppose -5*w - 25 = -0*w, -2*w + 604 = 2*t. Is t a prime number?
True
Is 134*((45/6)/(-3) + 4) a prime number?
False
Let w = -1 + 7. Let k = w - -48. Suppose -101 - k = -5*q. Is q a prime number?
True
Suppose -3*x + 19 = 5*a, -1 = 3*x + a - 6*a. Suppose 126 = p + 2*p - 3*c, 5*p - x*c - 200 = 0. Is p a composite number?
False
Suppose 292 + 233 = 5*z. Suppose -j = 4*x - 292, -1 = x + 3*j - 63. Let r = z - x. Is r composite?
False
Let a(g) = g**2 - g - 1. Let m be 7 - (0 + 2 + 0). Let s = m - 8. Is a(s) prime?
True
Let g = 3 + -1. Suppose -q - g*q + 9 = 0. Suppose 3*s - q*b = s + 163, 3*s = 5*b + 247. Is s a composite number?
True
Suppose -2*o + 1201 = -3*d, -2*o + 4*d + 1206 = -0*o. Is o a composite number?
False
Let g be (-454)/((-2 - -4)*1). Is -6 + 0 + 2 - g composite?
False
Let p(y) = 19*y**2 + 5*y + 11. Is p(7) a composite number?
False
Let i = 2 - 0. Suppose -5*u - i*k + 28 = 0, -3 = 4*u - 5*k + 1. Is ((-2)/u)/(3/(-498)) a composite number?
False
Let q = 78 + 155. Is q a composite number?
False
Suppose -f - 7 = 8. Is 3/2*(-380)/f composite?
True
Suppose -3*y - 1 = -4. Let n be ((-12)/3)/2 - -4. Suppose -2 = n*u + 3*o + y, -u = o. Is u a prime number?
True
Suppose -i + 13 = 3*h + i, 0 = 3*h + 4*i - 17. Suppose 2*k + k + 12 = 2*y, 5*y + 3*k + 12 = 0. Suppose 5*d + h*t + 13 = 78, 5*t = y. Is d a prime number?
True
Is (-2 + 1837)*14/35 a composite number?
True
Suppose -3*l + 10 = -2*l. Is l composite?
True
Suppose -5*z = 20 - 100. Let u = -7 + z. Is u composite?
True
Suppose -5*p - 1266 = -2*i, -7*i + 2512 = -3*i - 5*p. Is i composite?
True
Is (-22)/(